 10, what is 6 + -20152?
-20146
In base 13, what is -558a90 + -2?
-558a92
In base 4, what is 132003111 + -2?
132003103
In base 14, what is 1 - 508c0?
-508bd
In base 5, what is 214004 + 414?
214423
In base 8, what is -2 + 1472376?
1472374
In base 10, what is -26 + -5907?
-5933
In base 12, what is -2bb747 + 2?
-2bb745
In base 14, what is -1 + -1abdd?
-1ac00
In base 15, what is 55ab9 - -4?
55abd
In base 11, what is 3a3 + -915?
-522
In base 6, what is -3 + -12002?
-12005
In base 2, what is 1111110 + 10100?
10010010
In base 16, what is 6510 + 0?
6510
In base 5, what is 11301 + 142?
11443
In base 11, what is -24 + 3357?
3333
In base 11, what is 2a75 + 3?
2a78
In base 9, what is 18708 + 245?
20054
In base 16, what is 8f09 - 1?
8f08
In base 16, what is -42 - 38e?
-3d0
In base 4, what is -330002 + 2323?
-321013
In base 12, what is -211 - 538?
-749
In base 14, what is -16c2 + 8?
-16b8
In base 12, what is 33b78 - 2?
33b76
In base 8, what is 1264114 - 14?
1264100
In base 10, what is 35 + 226?
261
In base 8, what is 1567122 + 2?
1567124
In base 8, what is -14 + 2265?
2251
In base 10, what is 132 - 6721?
-6589
In base 12, what is b78 + -15b?
a19
In base 12, what is 11908 + 7?
11913
In base 11, what is a + -a6?
-97
In base 5, what is 301331 + -110?
301221
In base 15, what is 29 - -55a?
584
In base 6, what is 522 - 1050?
-124
In base 4, what is 22000030 + 3?
22000033
In base 9, what is 0 + -324706?
-324706
In base 16, what is 2 - -5f4ba?
5f4bc
In base 8, what is 621325 - 5?
621320
In base 11, what is 1 + 7729?
772a
In base 12, what is -4 + -33658?
-33660
In base 4, what is 11232 - -3320?
21212
In base 12, what is 229 - 74?
175
In base 12, what is 263bb - 41?
2637a
In base 8, what is -203560 + 5?
-203553
In base 3, what is -2121 + -1211?
-11102
In base 6, what is -4204132 + 4?
-4204124
In base 7, what is -4351322 + 1?
-4351321
In base 3, what is 10 + 122021120221?
122021121001
In base 11, what is -29 - 124?
-152
In base 13, what is 597a + 1?
597b
In base 10, what is 161589 - -1?
161590
In base 15, what is 1 - 137457?
-137456
In base 13, what is -a11c - -2?
-a11a
In base 8, what is -2415 - -131?
-2264
In base 9, what is 11 - -366167?
366178
In base 8, what is -3 + 76556?
76553
In base 15, what is 8 - -e4b0?
e4b8
In base 13, what is 8 - 376a5?
-3769a
In base 13, what is -10b5 + -18c?
-1274
In base 5, what is 0 + -223004?
-223004
In base 6, what is -1 + 403022?
403021
In base 14, what is -2 + -5b87c?
-5b880
In base 8, what is -24202 + -10?
-24212
In base 4, what is -2302310 + 110?
-2302200
In base 13, what is -4963 + -3?
-4966
In base 8, what is 22 - -6470?
6512
In base 13, what is -1a176 - 0?
-1a176
In base 8, what is 1 - -264?
265
In base 10, what is -1 - 7184?
-7185
In base 4, what is 100303 - -1232?
102201
In base 5, what is -4 - -144332?
144323
In base 2, what is -11001000011 + -1100000?
-11010100011
In base 10, what is -13 + -1060?
-1073
In base 2, what is -1111111 + 11011?
-1100100
In base 5, what is 3312044 + -4?
3312040
In base 10, what is -3 - -108571?
108568
In base 16, what is -c + -12801?
-1280d
In base 5, what is -1 + 33442?
33441
In base 7, what is -4 + -106524?
-106531
In base 3, what is -110111 + 1001?
-102110
In base 4, what is 113 + -3010120?
-3010001
In base 11, what is -1472398 - 3?
-14723a0
In base 13, what is 8727 - 1?
8726
In base 9, what is 210555 - 0?
210555
In base 10, what is 349 - 304?
45
In base 11, what is 64a43 + -1?
64a42
In base 16, what is -6d818 + 3?
-6d815
In base 15, what is -2644 - -7?
-263c
In base 9, what is -441046 - 5?
-441052
In base 13, what is 6a4c27 + 0?
6a4c27
In base 16, what is 168c9 + -a?
168bf
In base 10, what is 1538 - 18?
1520
In base 15, what is 2e1cc - 3?
2e1c9
In base 3, what is -22101 - -110221212?
110122111
In base 5, what is -24 - 431212?
-431241
In base 14, what is -1b - 83?
-a0
In base 11, what is 24a71 - -5?
24a76
In base 2, what is 111111101 - -110000011?
1110000000
In base 10, what is 5 + 5743?
5748
In base 10, what is 6 + 1542?
1548
In base 3, what is -211221111112 + -2?
-211221111121
In base 15, what is -e7 + 3deb?
3d04
In base 13, what is -1825 - 6c?
-1894
In base 4, what is 20002032022 - 10?
20002032012
In base 13, what is 395bc2 - -3?
395bc5
In base 10, what is 1 - -29404?
29405
In base 16, what is 4 - 12ca1?
-12c9d
In base 12, what is -1481 - 0?
-1481
In base 9, what is 3730 - 162?
3557
In base 3, what is 11112 - 12200?
-1011
In base 2, what is 100000001100 - 1001110?
11110111110
In base 7, what is -2 + -156350?
-156352
In base 6, what is 24002 + -131?
23431
In base 2, what is -11111100000 - 10?
-11111100010
In base 9, what is 8 - -222874?
222883
In base 15, what is 14e1 + 61?
1552
In base 3, what is -1122002210 - 11?
-1122002221
In base 16, what is 24 + 12?
36
In base 15, what is -5 + 5997?
5992
In base 15, what is 3a57 - -3?
3a5a
In base 7, what is -166203 - -3?
-166200
In base 14, what is -197 + 986?
7cd
In base 2, what is -10100000001 - -1010110?
-10010101011
In base 3, what is 12210 + -10102?
2101
In base 9, what is -3 - 736?
-740
In base 15, what is -4ea3 + -3?
-4ea6
In base 3, what is 12 - 100011111000?
-100011110211
In base 8, what is 13 - 51304?
-51271
In base 13, what is -a406 - -7?
-a3cc
In base 11, what is 608 - 28?
590
In base 7, what is 6 + 424?
433
In base 2, what is -101111 - 100001010011?
-100010000010
In base 10, what is -106486 - -6?
-106480
In base 6, what is 205 + -4355?
-4150
In base 6, what is -4213 + -1041?
-5254
In base 8, what is 36375 - 222?
36153
In base 6, what is 1135 + -340?
355
In base 7, what is 1005124 + 0?
1005124
In base 9, what is 1358 + 101?
1460
In base 13, what is -4683 + -7?
-468a
In base 15, what is -1ddc8 + 2?
-1ddc6
In base 4, what is 3230313 + -11?
3230302
In base 8, what is 11657 + 67?
11746
In base 12, what is 6a1 + 1331?
1a12
In base 7, what is 3 - 1325526?
-1325523
In base 9, what is -2 - 14105?
-14107
In base 15, what is de + 46?
135
In base 16, what is -8ea - 3?
-8ed
In base 3, what is -2101201002 + 0?
-2101201002
In base 2, what is 10010000001011010 - 1?
10010000001011001
In base 5, what is -4 - 31024?
-31033
In base 5, what is -3 + 12044201?
12044143
In base 16, what is 1 - 75c8e?
-75c8d
In base 15, what is d70 + 1c2?
1042
In base 11, what is 21 - -3455?
3476
In base 5, what is 21320 + -1131?
20134
In base 7, what is -1634 - 2503?
-4440
In base 15, what is -43 - 7d2?
-825
In base 2, what is 1111001001001111 - 111?
1111001001001000
In base 7, what is 2 - 502565?
-502563
In base 3, what is 220201122 + -12?
220201110
In base 2, what is -111 + 1110110000000?
1110101111001
In base 3, what is -101220 - 2222?
-111212
In base 14, what is -a + 7119?
710d
In base 6, what is 2222 - -104343?
111005
In base 14, what is 14 + -5c?
-48
In base 4, what is -11303 + -211?
-12120
In base 16, what is -1 - 16d0?
-16d1
In base 16, what is -2 + -4c9?
-4cb
In base 3, what is -101102010 + 0?
-101102010
In base 4, what is -10223 - -1020?
-3203
In base 16, what is -b - -1ba?
1af
In base 16, what is -5 - -21afa?
21af5
In base 3, what is -1 + -22022102?
-22022110
In base 9, what is -8 + 122237?
122228
In base 9, what is 64 - -10361?
10435
In base 6, what is -334402 + -4?
-334410
In base 4, what is 11112 - -122121?
133233
In base 15, what is cbc - -5?
cc2
In base 2, what is 1001101101010011011 - -101?
1001101101010100000
In base 13, what is -11a50 + 1?
-11a4c
In base 12, what is -9 + -12764?
-12771
In base 8, what is 14 + -16253?
-16237
In base 14, what is -d18 - -25?
-cd3
In base 8, what is -3 - -5464206?
5464203
In base 2, what is -10 - -1011111111001?
1011111110111
In base 11, what is 32a + a9?
428
In base 12, what is 1a97 + -19?
1a7a
In base 13, what is 5 - -49278?
49280
In base 6, what is 531 - -153?
1124
In base 6, what is -30 + 15252?
15222
In base 11, what is -1aa3 - 27?
-201a
In base 14, what is -2 + c86?
c84
In base 5, what is -3 + 4040032?
4040024
In base 5, what is 0 + -4311?
-4311
In base 13, what is 3a9b8 - 5?
3a9b3
In base 7, what is -2 + 36065?
36063
In base 11, what is 1 + -40005?
-40004
In base 15, what is -62 - 17b?
-1dd
In base 12, what is -6 + 185?
17b
In base 3, what is 122002 + 21?
122100
In base 7, what is -56534 + 64?
-56440
In base 7, what is -1 + -51166?
-51200
In base 4, what is -2121121221 - -10?
-2121121211
In base 5, what is 1334110 - 3